t common factor of a and 114.
19
Let w be ((-10)/(-5)*-5)/(-2). Suppose 126 = w*g - 84. Calculate the greatest common factor of g and 7.
7
Let k(u) = 94*u**2 + u + 1. Let s be k(4). Suppose s = 13*v + 326. Calculate the highest common divisor of v and 13.
13
Let v(r) = r + 26. Let x be v(-10). Suppose -2*m - m + 192 = 0. Calculate the highest common factor of m and x.
16
Let k = -513 + 517. Let u be (5/3)/((-2)/(-6)). Suppose 0*q = -k*y - u*q + 205, 5*y - 3*q - 284 = 0. What is the greatest common divisor of y and 5?
5
Suppose -333 = -4*s + g, 3*s - 5*g = 111 + 126. Suppose -9*t + 4*t = -120. Calculate the greatest common divisor of t and s.
12
Let x be (4 - 14 - -6)/(-2). What is the highest common divisor of 53 and x?
1
Let w be 2/(-6) - (-20)/6. Suppose w*m = -2*m + 455. What is the highest common factor of 13 and m?
13
Let z = 11 + -11. Let w be (-4)/(2/(-18 + z)). What is the greatest common factor of w and 4?
4
Let u(d) = -399*d - 117. Let g be u(-3). Calculate the highest common divisor of 40 and g.
40
Let k = -6 - -11. Suppose 0 = -11*s - 5*s + 880. What is the highest common divisor of k and s?
5
Let t = 53 + -10. Suppose 5*y - p = 95, 0 = y + p - t + 18. Calculate the greatest common factor of y and 10.
10
Let u be 5 + 74*(-1 + 15/10). Suppose c = -4*o + 23, 5*o - 4*c - 34 = -0*c. Calculate the greatest common factor of u and o.
6
Let m = 148 + -97. Suppose 9*x - 34 - 272 = 0. Calculate the greatest common divisor of m and x.
17
Suppose 2*g - 36 = -0. Suppose -2*u - g = -4*i, 0 = i + 3*i - u - 19. Suppose 0 = -i*w - 4 + 104. Calculate the greatest common divisor of 80 and w.
20
Suppose 809 = 9*g - 91. Let l = g - 73. What is the highest common divisor of l and 9?
9
Suppose 5*q - 3*j - 624 = -87, 4*q + j = 433. Calculate the greatest common divisor of q and 72.
36
Let k be (-6)/((-12)/9 + 2). Let l be (4 - 32/6)*k. Suppose 0 = -4*w + 20, -5*d + 3 = -w - 7. What is the greatest common factor of d and l?
3
Let a be (-1)/1 - (2 + (0 - 8)). Suppose -a*y + 23 = -47. Let x be 252/(-10)*(-10)/3. What is the highest common factor of y and x?
14
Suppose -42*x - 354 = -5*i - 39*x, 2*x + 284 = 4*i. Calculate the highest common divisor of 63 and i.
9
Let w be (1 + 1/3)/((-8)/(-96)). Suppose -2*h = -w - 2. What is the greatest common divisor of 9 and h?
9
Let g = -1 + 11. Let k(y) = y**3 + 7*y**2 + 6*y + 3. Let z be k(-5). Let c = -19 + z. Calculate the highest common factor of g and c.
2
Let y(v) = -4*v + 1. Let j be y(-2). Let d(r) = 7*r - 6*r - 10*r + r - 23. Let o be d(-13). What is the greatest common factor of j and o?
9
Suppose -14*g - 104 = -16*g. Let k = g + -41. Calculate the greatest common factor of k and 55.
11
Suppose 10*g - 13*g + 15 = 0. Suppose -5*l - 2*b + 38 = 0, 0*l = l - g*b + 14. Suppose j - 13 = -l. Calculate the greatest common divisor of 7 and j.
7
Let z be (-1916)/(-16) + 2/8. Calculate the highest common factor of 630 and z.
30
Let b = 2 + 2. Suppose -5*o + b*o + 4 = 0. Suppose -5*g - 2*a + 160 = 3*a, o*a + 103 = 3*g. Calculate the highest common factor of g and 66.
33
Let a = 2583 - 2520. What is the highest common divisor of a and 63?
63
Let c be (2/4)/((-3)/(-90)). Suppose -5*m + 2*l + c = 0, -2*l - 5 + 20 = m. Suppose -134 + 54 = -2*s. Calculate the greatest common factor of m and s.
5
Let i be -6 - ((-2 - -1) + 1). Let w be 3/(i/(-20)) + -2. Suppose 3*d = 5*d - w. What is the greatest common divisor of 16 and d?
4
Let k(n) = 5*n**2 - 10*n - 10. Let o be ((-6)/(-4))/((5/1)/(-10)). Let m be k(o). What is the greatest common divisor of 13 and m?
13
Suppose -2*h + 14 = 2*m, -h + 9 = 3*m - 18. Let z be m + 2 + (0 - 2/(-1)). What is the highest common divisor of 35 and z?
7
Suppose 49*p + 684 = 61*p. What is the highest common factor of 76 and p?
19
Let i be (-18352)/(-60) + 2/15. What is the greatest common divisor of i and 18?
18
Suppose -2*r + 48 = 6. Suppose -5*b + 4*n = -925, -5*b + 14*n + 950 = 15*n. What is the greatest common factor of b and r?
21
Suppose -433 = -2*t + 3*y + 275, 0 = -3*t + 5*y + 1060. Calculate the greatest common factor of 48 and t.
24
Let r = 32 + -21. Suppose 5*p = -5*q + 1100, r*p = -2*q + 6*p + 449. Suppose 0*i - l = i - 31, 124 = 4*i + 2*l. What is the highest common factor of q and i?
31
Let k(w) = -9*w - 57. Let d be k(-7). Suppose d*s - 21 = 39. What is the highest common factor of s and 140?
10
Suppose -4 = 4*y, -3*l = -l - 3*y - 963. Calculate the greatest common divisor of l and 30.
30
Let a(c) = c - 11. Let x be a(11). Suppose 0 = -x*i + 4*i - 12. Suppose -r - 2*k = i*k - 1, k - 9 = -r. Calculate the greatest common divisor of 88 and r.
11
Let r be 722/8 + (-1)/4. Let s be (-2392)/(-56) + 4/14. Suppose -10*a + 137 = -s. Calculate the highest common divisor of r and a.
18
Suppose 0 = -5*m - 3*u + 440, 445 = 3*m + 2*m + 2*u. Let t(y) = 11*y + 13. Let k be t(-7). Let g = k + m. Calculate the highest common divisor of g and 135.
27
Suppose 4*n - 666 = -5*n. Let f = n - 54. Calculate the highest common divisor of f and 5.
5
Suppose -679 = -3*p - 4*s, -5*p = s + 2*s - 1117. Calculate the greatest common divisor of 85 and p.
17
Let a be ((-20)/(-8))/((-15)/(-84)). Calculate the greatest common divisor of a and 28.
14
Let y be -50*(15/2)/(-5). Suppose 3*x + 0*x = y. Calculate the greatest common factor of 10 and x.
5
Suppose 39*v - 41*v + 196 = 0. Let p = -58 + v. What is the greatest common divisor of 100 and p?
20
Let q be 12/(-18)*-9 - 712/(-4). What is the highest common factor of 69 and q?
23
Suppose 169*b + 650 = 4*d + 171*b, -4*b = -3*d + 471. What is the highest common factor of d and 46?
23
Let i(l) = -6*l + 28. Let z be i(-14). Calculate the highest common factor of 16 and z.
16
Let m(l) = l**3 + 9*l**2 + 5*l + 81. Let v be m(-8). Suppose -2*o + 7*o - 150 = 0. Calculate the highest common factor of v and o.
15
Let g be -1*1 - (-11)/(132/9732). Calculate the greatest common factor of 108 and g.
54
Let v be ((-4)/(-3))/(3/81). Let l be ((-12)/(-4) + 1)/2. Let t be ((-8)/(-3))/(l/v). Calculate the greatest common divisor of t and 16.
16
Let u(d) = -2*d**3 - 18*d**2 - 55*d - 77. Let b be u(-9). Calculate the highest common divisor of 304 and b.
38
Let h(t) = -t**3 - 6*t**2 - 3*t + 11. Suppose -4*x + 0*x = 20. Let w be h(x). Calculate the greatest common divisor of 11 and w.
1
Let k be 29 - 1 - (-2 + 3). Let a(p) = p**3 + 7*p**2 + 6*p + 3. Let f = 62 + -68. Let q be a(f). Calculate the highest common divisor of q and k.
3
Suppose 2*m + 2*d - 8 = 6, -3*d = -m + 15. Suppose -5*i - 3*h = -1011, i + h - 213 = 4*h. Suppose -8*s + i = -84. What is the greatest common factor of s and m?
9
Suppose x - 2*x + 5 = -i, i = 3*x - 17. Calculate the greatest common factor of x and 6.
6
Let d be 121/3 + (-10)/30. Let l = d + -26. Calculate the greatest common divisor of l and 35.
7
Let q be (2 + (-44)/12)/((-2)/396). Calculate the highest common divisor of q and 220.
110
Let b = -50 - -59. Let j = b - -14. Calculate the highest common divisor of 46 and j.
23
Let o be 4/((-33)/39 - -1). Suppose -g + o = -39. Calculate the greatest common divisor of 13 and g.
13
Let s(u) = -u**2 + u + 12. Let v be s(0). Suppose -2*p + 4 = 0, 2*p = 3*o + 11 + 47. Let m be (-336)/o*9/2. What is the highest common factor of v and m?
12
Let q(v) = 88*v - 15. Let d be q(2). Calculate the highest common factor of 46 and d.
23
Let p be (-3 - 6)/3 + 5 - -26. Suppose -198 = -5*w - 2*h, 3*h - 197 = -6*w + w. Let g = w - p. Calculate the greatest common factor of g and 36.
12
Let f be (-12)/8*52/(-6). Calculate the greatest common factor of f and 403.
13
Let b = -602 - -1262. What is the highest common divisor of 300 and b?
60
Suppose 2*c = -4*p - 30, -3*p + 2*c + 3 - 36 = 0. Let f be (-200)/p - (-4)/(-18). Calculate the greatest common factor of f and 176.
22
Suppose 33*j - 42*j = -1764. What is the greatest common factor of j and 8?
4
Let p be 2/(-4) - (-1106)/4. What is the greatest common divisor of p and 24?
12
Let h(s) = -26*s + 55. Let p be h(-9). Calculate the highest common factor of 17 and p.
17
Suppose -q + 121 = 3*o, 3*o + 5*q = 22 + 103. What is the greatest common factor of 730 and o?
10
Suppose 2*d - 3*r = 137, 0 = -0*d - 2*d - r + 125. Suppose -5*j - 4*m + 40 = 0, 4*j = -4*m + 3*m + 32. Calculate the highest co